is the greatest common factor of c and 130?
10
Suppose -5 = s - 5*y, -5*s - y - 3*y = 25. Let l be ((-1)/(-1) - -56) + (-2 - s). Let g be (-353)/(-5) - 36/l. What is the highest common divisor of g and 10?
10
Suppose -264*u + 19974 - 3178 = -4324. Let p be 16/6*30/8. What is the greatest common divisor of p and u?
10
Suppose -r - 5 = 2*a - 5*a, 24 = 4*a + 3*r. Let v be 1980/242 - (-2)/(-11). Suppose -4*k + a*k = -v. Calculate the highest common factor of 16 and k.
8
Suppose 17*m - 6*m - 3872 = 0. Let n(z) = z**2 + 31*z - 136. Let x be n(-36). What is the highest common factor of m and x?
44
Let h be (-26)/(-4) + (-1)/2. Let u(z) = -8 - 7 + 1 + 23 - 6 + 3*z. Let o be u(h). Calculate the highest common factor of o and 3.
3
Let f be ((-54)/(-27))/((-2)/(-169)). What is the greatest common factor of 117 and f?
13
Suppose -32*n = -33*n + 160. Let v = 279 + -215. Calculate the highest common divisor of v and n.
32
Suppose 86*c - 61824 = -85*c - 53*c. What is the highest common factor of 474 and c?
6
Suppose -2*y = 3*l - 4, 0*l - y = 5*l - 2. Suppose 17*q - 443 - 220 = l. What is the greatest common divisor of 65 and q?
13
Let y be (3 + 6)/(36/(-33) + 1). Let o be ((0 - -3) + -7)*y/22. Calculate the highest common divisor of o and 144.
18
Let r = -67077 - -67098. Let t(n) = 6*n**3 - n**2 - 2. Let h be t(2). What is the greatest common factor of h and r?
21
Let s be -2 + 8 + (-95)/5. Let b(g) be the second derivative of -g**3/6 - 3*g**2/2 - 4*g. Let r be b(s). What is the highest common divisor of 10 and r?
10
Suppose 3*w - b = 3656 + 3562, 5*b + 9613 = 4*w. What is the highest common divisor of w and 29?
29
Let i be (-2 - -12)/(-1 - -3). Suppose 2*a + 132 = i*u, -a = -0*u + u - 25. Let m = -12651 + 12653. Calculate the greatest common divisor of m and u.
2
Let o = -20 + 55. Let t = -35 + o. Suppose 3*k + 33 - 153 = t. What is the highest common factor of 10 and k?
10
Suppose -2*g = 8*t - 4*t - 46, -2*t + g + 25 = 0. Let b be ((-135)/(-25))/(t/40). Calculate the highest common factor of b and 6.
6
Let q(r) = 3*r**2 + 6*r + 23. Let v be q(-3). Suppose -v*i + 24*i + 792 = 0. What is the greatest common factor of i and 9?
9
Let q be (25/(-15))/((-80)/680 - 709/(-6171)). What is the greatest common divisor of q and 242?
121
Let l be (-20)/(-70) + (-3)/35 + 177/15. What is the highest common factor of 3756 and l?
12
Let v(i) = 27*i**2. Let j be v(-1). Let y = 63 - 46. Suppose -y*q + 11*q + 486 = 0. Calculate the highest common factor of j and q.
27
Let l(c) = -38*c + 328. Let s be l(-8). Calculate the greatest common divisor of s and 16.
8
Let u be -1 - (-1)/((-1)/(-156)). Suppose -8*s + 952 - 56 = 0. Let w = 174 - s. Calculate the highest common divisor of u and w.
31
Suppose -4*p + 4*i = -40, -4*p + 2*i = 5*i - 33. Suppose 96 = p*k - 57. What is the greatest common divisor of 799 and k?
17
Suppose 18 = -48*b + 18. Let t be (b + (-5)/2)*(-68)/170. Calculate the highest common factor of 53 and t.
1
Let k(j) = -16*j**3 + 140*j**2 + 11*j - 8. Let y be k(8). What is the highest common divisor of y and 16?
16
Let w(i) = -3265*i + 163402. Let z be w(50). Let u be -456*((-18)/(-8))/(-3). Calculate the greatest common factor of z and u.
38
Let g be 190/57*66/10. Let x(h) = h**3 + 12*h**2 + 10*h + 21. Let y be x(-10). Calculate the greatest common factor of g and y.
11
Let y = 30 + -28. Suppose -y*d + 3*d = 10. Suppose -d*i = -7*i - 96. What is the highest common factor of i and 8?
8
Let h(q) = 2*q**3 + 35*q**2 + 140*q - 27. Let w be h(-11). Calculate the highest common divisor of 23 and w.
1
Let v = -1296 + 1778. Let b(p) = 19*p**2 - 4. Let w be b(4). Suppose -2*g + w = -h - h, 3*g - v = -5*h. Calculate the greatest common divisor of g and 14.
14
Let y = 179 - -37. Suppose -y = 6*k - 15*k. Suppose 2*v = 7*r - 8*r + 164, 0 = r - v - 170. Calculate the greatest common divisor of r and k.
24
Suppose -3*q - 29 = -248. Let m = q + 59. What is the greatest common factor of 33 and m?
33
Suppose -2635 = -4*v - 3*o, 3*v - 1975 = 3*o - 5*o. Suppose 0 = -6*f - 211 + v. Calculate the greatest common divisor of 2 and f.
2
Let c be ((-11)/(847/44))/(-6 - (-712)/119). Calculate the highest common factor of c and 782.
34
Let z = -66 + 6565. Calculate the greatest common divisor of z and 97.
97
Let o = 24250 - 18630. Calculate the highest common divisor of 100 and o.
20
Suppose -5*p + 0*p = 4*z + 31, 4*z - 5*p + 1 = 0. Let f be (6/z)/((-6)/60)*1. What is the highest common factor of 345 and f?
15
Let v(r) = 4*r + 158. Let g be v(-38). Let b(o) = 2*o**3 - 9*o**2 - 9*o - 24. Let n be b(g). Let q = 15 - 9. Calculate the greatest common factor of n and q.
6
Let t = 277 + -272. Let f be 214 + t/((-1)/1). What is the greatest common factor of 19 and f?
19
Suppose -21*x + 19*x - 276 = -2*w, 2*w = x + 284. Calculate the highest common factor of w and 12994.
146
Suppose -103*x + 61 = -1947 - 1391. Suppose l = 0, -4*l + 112 = 4*u - 56. Let b = u - 9. What is the greatest common factor of b and x?
33
Suppose 10*q = -q + 55. Suppose q*p - 10*p = -65. Let d(f) = -6*f + 3. Let a be d(-6). What is the greatest common factor of a and p?
13
Let n be (54/24)/((-1)/(-4)). Suppose -5*l - 308 = -n*l. Let b be ((-36)/(-6))/2 + (-12)/(-3). Calculate the greatest common factor of l and b.
7
Suppose 60 + 21 + 15 = 3*b. Calculate the highest common factor of b and 4.
4
Suppose -4*p - 446 = -9*p + 4*t, 0 = 4*p + t - 361. Calculate the greatest common divisor of 140 and p.
10
Let u be 12/10*40/6. Let w(s) = -7*s**2 - 6*s**3 + s**3 + 72*s - 81*s - 24 + 24*s**2 + 4*s**3. Let h be w(16). Calculate the highest common factor of h and u.
8
Suppose -23*n + 5152 = 9*n. What is the highest common divisor of n and 91?
7
Let n be ((-24)/(-10))/((-1)/(-5)). Let d(w) = -4*w - 17. Let k be d(-5). Suppose -f - k*f + 16 = 0. Calculate the greatest common factor of n and f.
4
Suppose 331*a + 14*a = 69000. What is the highest common divisor of 3320 and a?
40
Let x = -7284 - -13884. What is the highest common factor of x and 176?
88
Suppose -3*v = 3*h - 1404, -2*v - 416 = h - 1354. Calculate the greatest common divisor of v and 188.
94
Let b = -28 - -57. Suppose -28*q + b*q - 12 = 0. What is the greatest common factor of q and 108?
12
Let w(v) = 2*v**3 + 46*v**2 + 191*v - 15. Let o be w(-6). Calculate the greatest common divisor of o and 1750.
7
Let i(f) = -32*f + 144. Suppose -13*h + 8*h + 10 = -2*l, -25 = -5*l. Let m be i(h). Let o be 47 + (1 - 0)/1. What is the greatest common divisor of m and o?
16
Suppose 2*w + 250 - 308 = 0. What is the highest common divisor of w and 31?
1
Let b(x) = -19*x**2 - 13*x + 66*x**2 - 16 - 22*x**2 - 26*x**2 + 54. Let y be b(-14). Calculate the greatest common divisor of y and 60.
12
Let l(a) = 476*a + 2916. Let t be l(-6). Calculate the greatest common divisor of t and 2060.
20
Let m(z) = -80*z**2 - 2426*z + 36. Let h be m(-30). Calculate the highest common factor of 1428 and h.
204
Let m(i) = -13*i + 17. Let t be m(-16). Let l = 458 - t. Let n = 401 - l. Calculate the greatest common factor of n and 24.
24
Let g(k) = -k**2 + 35*k + 20. Suppose -3*y - 88 = -193. Let c be g(y). What is the greatest common factor of c and 35?
5
Let v = -201 - -249. Let f = -65 - -193. Calculate the highest common divisor of v and f.
16
Let k be ((-7535)/5 + -3)*(-9)/15*3. What is the greatest common divisor of k and 1057?
151
Suppose 4*r + 5 = -5*k, 6 = -4*k - 3*r + 3. Suppose -29 = k*z - 143. Calculate the highest common factor of 57 and z.
19
Suppose -218 = 4*s - 694. Suppose 2*w = 2*j + 298, w - s = -2*j + 42. Suppose 14 = h - c, 0*h + 2*c = h - 11. Calculate the greatest common divisor of w and h.
17
Let w(t) = -t**2 - 4*t + 20. Let f be w(2). Let q(k) = -k**2 - 8*k + 43. Let j be q(-9). What is the highest common factor of j and f?
2
Let c be ((-6)/(-4) + -3)*(-20 - 14). What is the highest common factor of c and 1632?
51
Let m be ((-14790)/522)/((-5)/138). What is the highest common factor of 51 and m?
17
Let d = 185 + -177. Let y be (-1746)/27*9/2. Let x = -163 - y. Calculate the greatest common factor of x and d.
8
Let n(z) = -84*z - 105. Let p be n(-2). What is the greatest common factor of 777 and p?
21
Let o = -4 - 3. Let k(w) = -14 + 13 + 167*w**2 - 166*w**2 - 2*w. Let v be k(o). What is the hi